 - 3590. What is the highest common divisor of 8 and z?
1
Let u be (-88)/(-6) + (-30)/45. Suppose -2*f + 3 = m, m + 2*f - 6 = -m. Let x be (-6)/(48/(-124)) + m/(-2). Calculate the greatest common factor of u and x.
14
Let p be -5 + -6*17277/(-26). What is the highest common factor of p and 44?
22
Suppose y + 4*o - 54 = 0, -105*o + 106*o - 10 = 0. Suppose -4*h = -2*h - 8. Let u = 24 + h. What is the greatest common divisor of y and u?
14
Suppose 2*q - 18*q = -320. Suppose -12*o - 520 = -q*o. Calculate the highest common factor of o and 13.
13
Suppose -45*l - 472*l = -176297. Let s(w) = -17*w - 3. Let j be s(-2). Calculate the greatest common divisor of j and l.
31
Let c be 2 - -154 - 12/(-1). Calculate the greatest common divisor of c and 1302.
42
Let h(z) = -22*z - 3. Let n be h(-2). Suppose 39*c + 22 = n*c. What is the highest common divisor of 88 and c?
11
Let t(r) = -r**2 - 93*r + 22. Let j be t(-26). Let a = 156 + -142. Calculate the greatest common factor of j and a.
14
Let k(r) = 4*r**2 + 4*r + 3. Let x(j) = 8*j**2 + 7*j + 6. Let n(d) = -11*k(d) + 6*x(d). Let i be n(1). Calculate the greatest common divisor of 4 and i.
1
Suppose -43099 + 30723 = -429*w + 390884. What is the highest common factor of w and 1692?
188
Let l be (-1 + 0 - 0)*-42. Let q(f) = -89*f - 41. Let b be q(-1). Suppose -b*x = -38*x - 1680. What is the greatest common divisor of x and l?
42
Let y = -653 - -838. What is the greatest common factor of y and 5?
5
Suppose -106*q = 48*q + 86*q - 751440. Calculate the highest common divisor of 155 and q.
31
Let u(j) = 1592*j - 6320. Let c be u(4). Calculate the highest common divisor of c and 1392.
48
Let y(g) = 2*g**2 + 27*g + 105. Let w be y(-9). What is the highest common factor of 2508 and w?
12
Let f = 20429 + -6303. Calculate the highest common divisor of 42 and f.
14
Let l(j) = 10*j + 1. Let f be l(9). Let a be (f/35)/(3/195). Calculate the greatest common divisor of 13 and a.
13
Let w = 367 - 199. Suppose -16*z + 5*t = -13*z - 109, z - 83 = -5*t. Calculate the highest common divisor of w and z.
24
Suppose -r + 2 = -5*c - 4, -4*r - 8 = -4*c. Let g be (-20)/8*(r - 10). What is the greatest common divisor of 665 and g?
35
Let a(z) be the first derivative of -z**3/3 + 13*z**2 - 138*z - 69. Let n be a(9). What is the greatest common factor of n and 105?
15
Suppose -6*q + 33 = -15. Let n be 14/(-2) + q/2. Let z be n/((-567)/770 - 6/(-10)). Calculate the highest common factor of z and 176.
22
Let i be 10 + (-24)/((-96)/12). What is the highest common factor of i and 208?
13
Let j be (30 - (1 - 1))*99/(-22). Let t be ((-1)/((-3)/2))/((-18)/j). Suppose -t*i + 120 = i. Calculate the highest common factor of i and 90.
10
Let s = -158 - -207. What is the highest common factor of 28 and s?
7
Let p be 12/14 - 915078/(-266). What is the highest common divisor of 222 and p?
111
Suppose -42*a = -39*a + 99. Let o be 160/(-40)*a/4. Calculate the greatest common divisor of o and 561.
33
Suppose 4 + 11 = 5*z. Suppose j + z*s = 4*s, s = 5*j - 12. Let l be ((-16)/(-10))/((-2)/(-15)). Calculate the greatest common factor of j and l.
3
Suppose 4*r - 2*f - 414 = 0, -4*r + 1891 = -5*f + 1486. Let q(k) = 2 + 1 + 0 + 2*k. Let l be q(9). What is the greatest common factor of r and l?
21
Let d be (-276)/1196 + 165375/65. What is the highest common divisor of 432 and d?
48
Let o(g) = g**3 - 48*g**2 - 95*g - 248. Let z be o(50). What is the greatest common factor of 328 and z?
2
Let s be (1 + 3 + -2)/(-2) - 5. Let v be 148 - (s/1 + 1). Suppose -2*j + 4*q = 17 - v, j = -q + 65. Calculate the greatest common factor of 22 and j.
22
Let h be 54/1 - (17 - (10 + -3)). Calculate the greatest common divisor of h and 12188.
44
Let z(o) = 2*o**2 + 5*o + 3. Let w be z(-11). Suppose -189*b = -w*b + 56. Calculate the highest common divisor of 140 and b.
28
Let z(n) = -n**2 - 2*n + 101. Suppose -24 = -3*d - 2*u, 5*u + 40 = 2*d + 3*d. Let f be z(d). Calculate the highest common divisor of 147 and f.
21
Let f be (2*(6 + 1))/1. Let h = 1188 - 1160. What is the greatest common factor of f and h?
14
Suppose 4*p + 8 = -4*w, -w + 2 = 22*p - 17*p. Suppose -4*c = -c + 60. Let u be (-15)/c - 2/(-8). What is the highest common factor of p and u?
1
Suppose k + k = -4*k. Suppose 2*a = -k*a + 22. Let m be 12/(-54) + 2085/27. What is the greatest common factor of a and m?
11
Let x = 1 - -22. Let a = -258 + 252. Let t(u) = 3*u**2 + 6*u + 43. Let n be t(a). Calculate the greatest common factor of n and x.
23
Suppose -n - 2*n + 575 = -4*i, 3*i + 573 = 3*n. Let y = 74 - 74. Let b be 28 + y + -4 + 3. What is the highest common factor of n and b?
27
Suppose -u + 2*z + 9 = 7, -3*z - 15 = 0. Let t be 1 + 13/((-52)/u). Calculate the greatest common factor of 12 and t.
3
Let f = -37 + 39. Suppose -f*b - 36 = -5*c, 27 = -0*c + 2*c - 5*b. What is the highest common factor of 6 and c?
6
Suppose -2*y - 4 = -2*d + 6, 2*d = 4*y + 10. Suppose 9*l - 4*l - 669 = u, y = -2*u - 8. Calculate the greatest common factor of l and 38.
19
Let p(x) = 2*x**2 - 17*x - 68. Let v be p(-8). Suppose -30*t - v + 1546 = 0. What is the highest common factor of 12 and t?
3
Let v(o) = -o + 44. Let w be v(0). Let s(a) = 110*a**2 - 5*a + 5. Suppose 0 = -0*h + 30*h - 30. Let t be s(h). Calculate the greatest common factor of t and w.
22
Suppose -2*q + 338 = q + 2*w, -332 = -3*q + 4*w. Let l = -104 + q. Calculate the highest common factor of 1 and l.
1
Let i(n) = -13*n - 7. Let x be i(-5). Let q(g) = 2*g**2 - 61*g + 870. Let a be q(16). Calculate the highest common factor of x and a.
58
Let c(y) = -63*y**3 + 9*y + 1 + 30*y**3 + 3 - 4*y**2 + 30*y**3. Let b be c(-4). Calculate the highest common divisor of 32 and b.
32
Suppose 45*v - 47*v + 454 = 0. Suppose 5*w + 11*b - v = 9*b, 0 = 2*w - 3*b - 87. Calculate the greatest common divisor of 75 and w.
15
Let q be ((-3)/(-6))/(((-14)/(-266))/(-1 + 3)). What is the greatest common divisor of q and 13?
1
Let y(c) = 6*c + 31. Let g be y(6). Let a = -37 + g. Let t be (-6)/9*3 + a. What is the greatest common divisor of 70 and t?
14
Suppose 0 = 4*a, 6*d - 2*a - 69 = 3*d - a. What is the greatest common factor of 1587 and d?
23
Suppose 0 = -3*a + a + 28. Suppose -4*x - 78 = -4*q + 58, -5*x = 5*q - 180. Suppose 25*r + 350 = q*r. Calculate the highest common factor of a and r.
7
Suppose 16*q = 12*q - 828. Let t be ((-1)/(-3))/((-23)/q). Suppose t*c = -5*r + 996, 5*r - 1000 = 5*c - 10*c. Calculate the highest common factor of r and 22.
22
Suppose 1120 = 4*x + x. Suppose -8*m + 3 = -77. Suppose -2*l = -4*t - 84, m = -5*t + 3*t. What is the greatest common factor of l and x?
32
Suppose -i - k + 3 = 0, 2*i + 5*k - 3 = -0*i. Suppose -i*l + 9 = 2*b - 11, -4*b + 33 = l. What is the greatest common factor of b and 40?
8
Suppose -2*z = -2*q - 124, -4*z = 3*q - 2*q - 258. Let u = 17966 + -17964. What is the highest common factor of u and z?
2
Suppose 92*m = 94*m - 564. Suppose -90 = 8*b - m. Calculate the greatest common divisor of b and 30.
6
Suppose 2*d - 49 = 4*g + 31, -147 = -4*d - 5*g. Let c(p) = 6*p**2 + 64*p - 394. Let z be c(5). Calculate the highest common divisor of z and d.
38
Suppose -8*d = -17*d - 36. Let n be (12/14)/((d/(-14))/2). What is the greatest common divisor of 48 and n?
6
Suppose 0 = 15*z - 31*z + 528. Let s be (2/((-2)/z))/((-219)/146). Calculate the highest common divisor of 88 and s.
22
Suppose 27 = 4*j + 7. Let p = 47 + -45. Suppose -p*l = 7*l - 45. Calculate the greatest common factor of j and l.
5
Suppose 125*x - 451220 = 48*x. Calculate the highest common factor of 20 and x.
20
Suppose 0 = w - o - 150, -3*w = -0*w - 5*o - 442. Let s = -49 + -298. Let j = 361 + s. Calculate the highest common factor of w and j.
14
Let h = -40331 + 42075. Calculate the highest common divisor of h and 16.
16
Let c be 14/126 + (-2744)/(-9). Let l = c - 162. Calculate the greatest common divisor of l and 11.
11
Let m(u) = -119*u**3 - 12*u**2 - 40*u - 6. Let y be m(-3). What is the greatest common divisor of 111 and y?
111
Suppose 2*q - 5*h - 28 = 0, -12 = -208*q + 206*q + h. Calculate the greatest common divisor of q and 1132.
4
Let f(z) be the first derivative of -55*z**2/2 - 25*z + 110. Let r be f(-1). What is the highest common divisor of r and 120?
30
Suppose 0 = 5*z - 10, -3*z 